{"id":596,"date":"2015-05-06T08:57:54","date_gmt":"2015-05-06T08:57:54","guid":{"rendered":"http:\/\/www.romaniancommunity.net\/rci\/?page_id=596"},"modified":"2016-09-05T14:00:35","modified_gmt":"2016-09-05T14:00:35","slug":"informatii-de-interes-general","status":"publish","type":"page","link":"https:\/\/www.romaniancommunity.net\/rci\/informatii-de-interes-general\/","title":{"rendered":"Informa\u0163ii utile"},"content":{"rendered":"<h2>Ambasada Rom\u00e2niei la Dublin<\/h2>\n<h4>Cancelaria<\/h4>\n<p><strong>Adresa<\/strong>:\u00a0<a href=\"http:\/\/maps.google.com\/maps?f=q&amp;source=s_q&amp;hl=ro&amp;geocode=&amp;q=Dublin+Dublin+4,+Republica+Irlanda&amp;sll=48.612654,7.739911&amp;sspn=0.009689,0.01929&amp;ie=UTF8&amp;t=h&amp;z=13&amp;iwloc=A\" target=\"_blank\">26 Waterloo Road, Ballsbridge, Dublin 4<br \/>\n<\/a><strong>Telefon<\/strong>: +353-1-668 10 85<br \/>\n<strong>Fax<\/strong>: +353-1-668.17.61<br \/>\n<strong>Site Web<\/strong>:\u00a0<a href=\"http:\/\/dublin.mae.ro\/\">http:\/\/dublin.mae.ro\/<br \/>\n<\/a><strong>E-mail<\/strong>:\u00a0<a href=\"mailto:ambrom@eircom.net\">ambrom@eircom.net<\/a><\/p>\n<p>Adres\u0103 de e-mail utilizat\u0103 de Ambasad\u0103\u00a0<strong>NUMAI<\/strong>\u00a0pentru leg\u0103tura cu autorit\u0103\u021bile locale din \u021bara de re\u0219edin\u021b\u0103.<\/p>\n<div class=\"clear hrule\"><\/div>\n<h4>Sec\u0163ia Consular\u0103<\/h4>\n<p><strong>Adresa<\/strong>: 26 Waterloo Road, Ballsbridge, Dublin 4<br \/>\n<strong>Telefon<\/strong>: +353 1 66 81 150<br \/>\n<strong>Fax<\/strong>: +353 1 668 1761<\/p>\n<p><strong style=\"line-height: 1.5em;\">Adres\u0103 de e-mail informa\u021bii consulare pentru cet\u0103\u021beni rom\u00e2ni:<\/strong><a style=\"line-height: 1.5em;\" href=\"mailto:contact@informatiiconsulare.ro\">contact@informatiiconsulare.ro<\/a><\/p>\n<p>\u00cen cererea de informa\u021bii v\u0103 rug\u0103m s\u0103 preciza\u021bi ora\u0219ul \u0219i provincia de reziden\u021b\u0103, pentru a primi informa\u021bii consulare specifice \u00een func\u021bie de zona \u00a0geografic\u0103.<\/p>\n<h3><strong style=\"font-size: 14px; line-height: 1.5em;\">Portal web informa\u021bii consulare pentru cet\u0103\u021beni rom\u00e2ni:<\/strong><a style=\"font-size: 14px; line-height: 1.5em;\" href=\"http:\/\/www.informatiiconsulare.ro\/\">http:\/\/www.informatiiconsulare.ro<\/a><\/h3>\n<div class=\"clear hrule\"><\/div>\n<h2>Departamentul politici pentru rela\u0163ia cu Rom\u00e2nii de Pretutindeni<\/h2>\n<p><strong>Adresa<\/strong>: Bulevardul Prim\u0103verii, nr. 22, sector 1, cod po\u015ftal 011972, Bucure\u015fti, Rom\u00e2nia<br \/>\n<strong>Telefon<\/strong>: (0040) 021\/233.96.87<br \/>\n<strong>Fax<\/strong>: (0040) 021\/233.95.99<br \/>\n<strong>E-mail<\/strong>: <a href=\"dprrp@mae.ro\">dprrp@mae.ro<\/a><br \/>\n<strong>Site Web<\/strong>:\u00a0<a href=\"http:\/\/www.dprp.gov.ro\">http:\/\/www.dprp.gov.roo\/<\/a><\/p>\n","protected":false},"excerpt":{"rendered":"<p>Ambasada Rom\u00e2niei la Dublin Cancelaria Adresa:\u00a026 Waterloo Road, Ballsbridge, Dublin 4 Telefon: +353-1-668 10 85 Fax: +353-1-668.17.61 Site Web:\u00a0http:\/\/dublin.mae.ro\/ E-mail:\u00a0ambrom@eircom.net Adres\u0103 de e-mail utilizat\u0103 de Ambasad\u0103\u00a0NUMAI\u00a0pentru leg\u0103tura cu autorit\u0103\u021bile locale [&hellip;]<\/p>\n","protected":false},"author":7,"featured_media":0,"parent":0,"menu_order":0,"comment_status":"closed","ping_status":"closed","template":"","meta":{"footnotes":""},"class_list":["post-596","page","type-page","status-publish","hentry"],"yoast_head":"<!-- This site is optimized with the Yoast SEO plugin v27.6 - https:\/\/yoast.com\/product\/yoast-seo-wordpress\/ -->\n<title>Informa\u0163ii utile - Romanian Community of Ireland<\/title>\n<meta name=\"description\" content=\"Ambasada Rom\u00e2niei la Dublin. Cancelaria: 26 Waterloo Road, Ballsbridge, Dublin 4 Telefon: +353-1-668 10 85, Fax: +353-1-668.17.61\" \/>\n<meta name=\"robots\" content=\"index, follow, max-snippet:-1, max-image-preview:large, max-video-preview:-1\" \/>\n<link rel=\"canonical\" href=\"http:\/\/www.romaniancommunity.net\/rci\/informatii-de-interes-general\/\" \/>\n<meta property=\"og:locale\" content=\"en_US\" \/>\n<meta property=\"og:type\" content=\"article\" \/>\n<meta property=\"og:title\" content=\"Informa\u0163ii utile - Romanian Community of Ireland\" \/>\n<meta property=\"og:description\" content=\"Ambasada Rom\u00e2niei la Dublin. Cancelaria: 26 Waterloo Road, Ballsbridge, Dublin 4 Telefon: +353-1-668 10 85, Fax: +353-1-668.17.61\" \/>\n<meta property=\"og:url\" content=\"http:\/\/www.romaniancommunity.net\/rci\/informatii-de-interes-general\/\" \/>\n<meta property=\"og:site_name\" content=\"Romanian Community of Ireland\" \/>\n<meta property=\"article:publisher\" content=\"https:\/\/www.facebook.com\/RomanianCommunityOfIreland\/\" \/>\n<meta property=\"article:modified_time\" content=\"2016-09-05T14:00:35+00:00\" \/>\n<meta property=\"og:image\" content=\"https:\/\/www.romaniancommunity.net\/rci\/wp-content\/uploads\/2019\/01\/sigla-RCI.png\" \/>\n\t<meta property=\"og:image:width\" content=\"682\" \/>\n\t<meta property=\"og:image:height\" content=\"682\" \/>\n\t<meta property=\"og:image:type\" content=\"image\/png\" \/>\n<meta name=\"twitter:card\" content=\"summary_large_image\" \/>\n<meta name=\"twitter:label1\" content=\"Est. reading time\" \/>\n\t<meta name=\"twitter:data1\" content=\"1 minute\" \/>\n<script type=\"application\/ld+json\" class=\"yoast-schema-graph\">{\"@context\":\"https:\\\/\\\/schema.org\",\"@graph\":[{\"@type\":\"WebPage\",\"@id\":\"http:\\\/\\\/www.romaniancommunity.net\\\/rci\\\/informatii-de-interes-general\\\/\",\"url\":\"http:\\\/\\\/www.romaniancommunity.net\\\/rci\\\/informatii-de-interes-general\\\/\",\"name\":\"Informa\u0163ii utile - Romanian Community of Ireland\",\"isPartOf\":{\"@id\":\"https:\\\/\\\/www.romaniancommunity.net\\\/rci\\\/#website\"},\"datePublished\":\"2015-05-06T08:57:54+00:00\",\"dateModified\":\"2016-09-05T14:00:35+00:00\",\"description\":\"Ambasada Rom\u00e2niei la Dublin. Cancelaria: 26 Waterloo Road, Ballsbridge, Dublin 4 Telefon: +353-1-668 10 85, Fax: +353-1-668.17.61\",\"breadcrumb\":{\"@id\":\"http:\\\/\\\/www.romaniancommunity.net\\\/rci\\\/informatii-de-interes-general\\\/#breadcrumb\"},\"inLanguage\":\"en-US\",\"potentialAction\":[{\"@type\":\"ReadAction\",\"target\":[\"http:\\\/\\\/www.romaniancommunity.net\\\/rci\\\/informatii-de-interes-general\\\/\"]}]},{\"@type\":\"BreadcrumbList\",\"@id\":\"http:\\\/\\\/www.romaniancommunity.net\\\/rci\\\/informatii-de-interes-general\\\/#breadcrumb\",\"itemListElement\":[{\"@type\":\"ListItem\",\"position\":1,\"name\":\"Home\",\"item\":\"https:\\\/\\\/www.romaniancommunity.net\\\/rci\\\/\"},{\"@type\":\"ListItem\",\"position\":2,\"name\":\"Informa\u0163ii utile\"}]},{\"@type\":\"WebSite\",\"@id\":\"https:\\\/\\\/www.romaniancommunity.net\\\/rci\\\/#website\",\"url\":\"https:\\\/\\\/www.romaniancommunity.net\\\/rci\\\/\",\"name\":\"Romanian Community of Ireland\",\"description\":\"Comunitatea Rom\u00e2nilor din Irlanda\",\"potentialAction\":[{\"@type\":\"SearchAction\",\"target\":{\"@type\":\"EntryPoint\",\"urlTemplate\":\"https:\\\/\\\/www.romaniancommunity.net\\\/rci\\\/?s={search_term_string}\"},\"query-input\":{\"@type\":\"PropertyValueSpecification\",\"valueRequired\":true,\"valueName\":\"search_term_string\"}}],\"inLanguage\":\"en-US\"}]}<\/script>\n<!-- \/ Yoast SEO plugin. -->","yoast_head_json":{"title":"Informa\u0163ii utile - Romanian Community of Ireland","description":"Ambasada Rom\u00e2niei la Dublin. Cancelaria: 26 Waterloo Road, Ballsbridge, Dublin 4 Telefon: +353-1-668 10 85, Fax: +353-1-668.17.61","robots":{"index":"index","follow":"follow","max-snippet":"max-snippet:-1","max-image-preview":"max-image-preview:large","max-video-preview":"max-video-preview:-1"},"canonical":"http:\/\/www.romaniancommunity.net\/rci\/informatii-de-interes-general\/","og_locale":"en_US","og_type":"article","og_title":"Informa\u0163ii utile - Romanian Community of Ireland","og_description":"Ambasada Rom\u00e2niei la Dublin. Cancelaria: 26 Waterloo Road, Ballsbridge, Dublin 4 Telefon: +353-1-668 10 85, Fax: +353-1-668.17.61","og_url":"http:\/\/www.romaniancommunity.net\/rci\/informatii-de-interes-general\/","og_site_name":"Romanian Community of Ireland","article_publisher":"https:\/\/www.facebook.com\/RomanianCommunityOfIreland\/","article_modified_time":"2016-09-05T14:00:35+00:00","og_image":[{"width":682,"height":682,"url":"https:\/\/www.romaniancommunity.net\/rci\/wp-content\/uploads\/2019\/01\/sigla-RCI.png","type":"image\/png"}],"twitter_card":"summary_large_image","twitter_misc":{"Est. reading time":"1 minute"},"schema":{"@context":"https:\/\/schema.org","@graph":[{"@type":"WebPage","@id":"http:\/\/www.romaniancommunity.net\/rci\/informatii-de-interes-general\/","url":"http:\/\/www.romaniancommunity.net\/rci\/informatii-de-interes-general\/","name":"Informa\u0163ii utile - Romanian Community of Ireland","isPartOf":{"@id":"https:\/\/www.romaniancommunity.net\/rci\/#website"},"datePublished":"2015-05-06T08:57:54+00:00","dateModified":"2016-09-05T14:00:35+00:00","description":"Ambasada Rom\u00e2niei la Dublin. Cancelaria: 26 Waterloo Road, Ballsbridge, Dublin 4 Telefon: +353-1-668 10 85, Fax: +353-1-668.17.61","breadcrumb":{"@id":"http:\/\/www.romaniancommunity.net\/rci\/informatii-de-interes-general\/#breadcrumb"},"inLanguage":"en-US","potentialAction":[{"@type":"ReadAction","target":["http:\/\/www.romaniancommunity.net\/rci\/informatii-de-interes-general\/"]}]},{"@type":"BreadcrumbList","@id":"http:\/\/www.romaniancommunity.net\/rci\/informatii-de-interes-general\/#breadcrumb","itemListElement":[{"@type":"ListItem","position":1,"name":"Home","item":"https:\/\/www.romaniancommunity.net\/rci\/"},{"@type":"ListItem","position":2,"name":"Informa\u0163ii utile"}]},{"@type":"WebSite","@id":"https:\/\/www.romaniancommunity.net\/rci\/#website","url":"https:\/\/www.romaniancommunity.net\/rci\/","name":"Romanian Community of Ireland","description":"Comunitatea Rom\u00e2nilor din Irlanda","potentialAction":[{"@type":"SearchAction","target":{"@type":"EntryPoint","urlTemplate":"https:\/\/www.romaniancommunity.net\/rci\/?s={search_term_string}"},"query-input":{"@type":"PropertyValueSpecification","valueRequired":true,"valueName":"search_term_string"}}],"inLanguage":"en-US"}]}},"_links":{"self":[{"href":"https:\/\/www.romaniancommunity.net\/rci\/wp-json\/wp\/v2\/pages\/596","targetHints":{"allow":["GET"]}}],"collection":[{"href":"https:\/\/www.romaniancommunity.net\/rci\/wp-json\/wp\/v2\/pages"}],"about":[{"href":"https:\/\/www.romaniancommunity.net\/rci\/wp-json\/wp\/v2\/types\/page"}],"author":[{"embeddable":true,"href":"https:\/\/www.romaniancommunity.net\/rci\/wp-json\/wp\/v2\/users\/7"}],"replies":[{"embeddable":true,"href":"https:\/\/www.romaniancommunity.net\/rci\/wp-json\/wp\/v2\/comments?post=596"}],"version-history":[{"count":13,"href":"https:\/\/www.romaniancommunity.net\/rci\/wp-json\/wp\/v2\/pages\/596\/revisions"}],"predecessor-version":[{"id":2674,"href":"https:\/\/www.romaniancommunity.net\/rci\/wp-json\/wp\/v2\/pages\/596\/revisions\/2674"}],"wp:attachment":[{"href":"https:\/\/www.romaniancommunity.net\/rci\/wp-json\/wp\/v2\/media?parent=596"}],"curies":[{"name":"wp","href":"https:\/\/api.w.org\/{rel}","templated":true}]}}