{"id":24,"date":"2015-04-15T14:14:59","date_gmt":"2015-04-15T14:14:59","guid":{"rendered":"http:\/\/rci.charismadesign.ie\/?page_id=24"},"modified":"2016-09-02T10:32:53","modified_gmt":"2016-09-02T10:32:53","slug":"povestea-rci","status":"publish","type":"page","link":"http:\/\/www.romaniancommunity.net\/rci\/despre-noi\/povestea-rci\/","title":{"rendered":"Povestea RCI"},"content":{"rendered":"<p style=\"text-align: justify;\">Romanian Community of Ireland &#8211; RCI a fost \u00eenfiin\u021bat\u0103 \u00een anul 1998 cu sprijinul parohiei ortodoxe rom\u00e2ne\u015fti din Arbour Hill. Ca orice \u00eenceput, acesta a fost tumultuos, plin de neprev\u0103zut, motiv pentru care de-a lungul timpului organiza\u0163ia noastr\u0103 a trecut prin multe schimb\u0103ri de statut, comitet, pre\u0219edin\u021bi. Azi, Romanian Community of Ireland este o organiza\u021bie apreciat\u0103 \u015fi respectat\u0103 \u00een r\u00e2ndul comunit\u0103\u0163ii rom\u00e2nilor din Irlanda \u015fi \u00een societatea irlandez\u0103, fiind afiliat\u0103 NCP \u2013 New Communities Partnership, ca membru fondator \u0219i director al acestei organiza\u0163ii a minorit\u0103\u0163ilor etnice \u015fi a asocia\u0163iilor care reprezint\u0103 minorit\u0103\u0163ile etnice din Irlanda.<\/p>\n<p style=\"text-align: justify;\">De-a lungul activit\u0103\u021bii sale, Romanian Community of Ireland a promovat activ valorile europene, \u00een special libera circula\u021bie a persoanelor \u00een interiorul grani\u0163elor Uniunii Europene. Astfel, RCI a luat act \u0219i a adoptat lu\u0103ri de pozi\u021bie decisive \u00een chestiuni care \u00eei afectau direct pe rom\u00e2nii care locuiau \u00een Irlanda, at\u00e2t \u00eenainte de intrarea Rom\u00e2niei \u00een Uniunea European\u0103, c\u00e2t \u0219i dup\u0103 aceasta (2007). Printre aceste chestiuni se num\u0103r\u0103 \u0219i deportarea cona\u021bionalilor no\u0219tri at\u00e2t \u00eenainte, c\u00e2t \u0219i dup\u0103 accesul Rom\u00e2niei \u00een UE sau restric\u021bionarea accesului la pia\u021ba muncii din Irlanda dup\u0103 2007.<\/p>\n<p style=\"text-align: justify;\">De asemenea, organiza\u021bia noastr\u0103 a fost foarte activ\u0103 \u00een organizarea mai multor evenimente, contribuind astfel la cunoa\u015fterea reciproc\u0103 \u015fi la \u00eembun\u0103t\u0103\u0163irea solidarit\u0103\u0163ii rom\u00e2nilor prezen\u0163i \u00een Irlanda. Am organizat concerte de muzic\u0103 rom\u00e2neasc\u0103 \u00eenc\u0103 din anul 2008 iar din 2009 am organizat anual 8 Martie &#8211;\u00a0Ziua Interna\u021bional\u0103 a Femeii, \u00a01 iunie -Ziua Interna\u021bional\u0103 a Copilului, 1 Decembrie &#8211; Ziua Na\u021bional\u0103 a Rom\u00e2niei, precum \u0219i s\u0103rb\u0103toarea de Mo\u0219 Nicolae pentru cei mici.<\/p>\n<p style=\"text-align: justify;\"><span style=\"line-height: 1.5em;\">\u00cen ultimii ani, \u00een contextul accesului cet\u0103\u0163enilor Rom\u00e2niei pe pia\u021ba european\u0103 a muncii\u00a0\u00eencep\u00e2nd cu anul 2007,\u00a0\u00een colaborare cu Ambasada Rom\u00e2niei \u00een Irlanda, Romanian Community of Ireland s-a implicat \u00een organizarea \u0219i participarea la seminarii dedicate dreptului la munc\u0103 a \u00a0rom\u00e2nilor din Irlanda. Membrii Romanian Community of Ireland au facut eforturi sus\u0163inute pentru a fundamenta \u015fi promova o imagine pozitiv\u0103 a cet\u0103\u021benilor rom\u00e2ni din Irlanda \u0219i, c\u00e2nd a fost necesar, au oferit presei irlandeze o analiz\u0103 corect\u0103 \u015fi argumentat\u0103 \u00een privin\u021ba tuturor evenimentelor \u00een care actorii principali au fost rom\u00e2ni sau Rom\u00e2nia.<\/span><\/p>\n<p style=\"text-align: justify;\">Romanian Community of Ireland a fost \u015fi va r\u0103m\u00e2ne o platform\u0103 deschis\u0103 tuturor rom\u00e2nilor din Irlanda, indiferent de apartenen\u021ba politic\u0103, religioas\u0103, etnic\u0103 sau social\u0103.<\/p>\n","protected":false},"excerpt":{"rendered":"<p>Romanian Community of Ireland &#8211; RCI a fost \u00eenfiin\u021bat\u0103 \u00een anul 1998 cu sprijinul parohiei ortodoxe rom\u00e2ne\u015fti din Arbour Hill. Ca orice \u00eenceput, acesta a fost tumultuos, plin de neprev\u0103zut, [&hellip;]<\/p>\n","protected":false},"author":7,"featured_media":0,"parent":88,"menu_order":0,"comment_status":"closed","ping_status":"closed","template":"","meta":{"footnotes":""},"class_list":["post-24","page","type-page","status-publish","hentry"],"yoast_head":"<!-- This site is optimized with the Yoast SEO plugin v27.4 - https:\/\/yoast.com\/product\/yoast-seo-wordpress\/ -->\n<title>Povestea RCI - Romanian Community of Ireland<\/title>\n<meta name=\"robots\" content=\"index, follow, max-snippet:-1, max-image-preview:large, max-video-preview:-1\" \/>\n<link rel=\"canonical\" href=\"http:\/\/www.romaniancommunity.net\/rci\/despre-noi\/povestea-rci\/\" \/>\n<meta property=\"og:locale\" content=\"en_US\" \/>\n<meta property=\"og:type\" content=\"article\" \/>\n<meta property=\"og:title\" content=\"Povestea RCI - Romanian Community of Ireland\" \/>\n<meta property=\"og:description\" content=\"Romanian Community of Ireland &#8211; RCI a fost \u00eenfiin\u021bat\u0103 \u00een anul 1998 cu sprijinul parohiei ortodoxe rom\u00e2ne\u015fti din Arbour Hill. Ca orice \u00eenceput, acesta a fost tumultuos, plin de neprev\u0103zut, [&hellip;]\" \/>\n<meta property=\"og:url\" content=\"http:\/\/www.romaniancommunity.net\/rci\/despre-noi\/povestea-rci\/\" \/>\n<meta property=\"og:site_name\" content=\"Romanian Community of Ireland\" \/>\n<meta property=\"article:publisher\" content=\"https:\/\/www.facebook.com\/RomanianCommunityOfIreland\/\" \/>\n<meta property=\"article:modified_time\" content=\"2016-09-02T10:32:53+00:00\" \/>\n<meta property=\"og:image\" content=\"http:\/\/www.romaniancommunity.net\/rci\/wp-content\/uploads\/2019\/01\/sigla-RCI.png\" \/>\n\t<meta property=\"og:image:width\" content=\"682\" \/>\n\t<meta property=\"og:image:height\" content=\"682\" \/>\n\t<meta property=\"og:image:type\" content=\"image\/png\" \/>\n<meta name=\"twitter:card\" content=\"summary_large_image\" \/>\n<meta name=\"twitter:label1\" content=\"Est. reading time\" \/>\n\t<meta name=\"twitter:data1\" content=\"2 minutes\" \/>\n<script type=\"application\/ld+json\" class=\"yoast-schema-graph\">{\"@context\":\"https:\\\/\\\/schema.org\",\"@graph\":[{\"@type\":\"WebPage\",\"@id\":\"http:\\\/\\\/www.romaniancommunity.net\\\/rci\\\/despre-noi\\\/povestea-rci\\\/\",\"url\":\"http:\\\/\\\/www.romaniancommunity.net\\\/rci\\\/despre-noi\\\/povestea-rci\\\/\",\"name\":\"Povestea RCI - Romanian Community of Ireland\",\"isPartOf\":{\"@id\":\"http:\\\/\\\/www.romaniancommunity.net\\\/rci\\\/#website\"},\"datePublished\":\"2015-04-15T14:14:59+00:00\",\"dateModified\":\"2016-09-02T10:32:53+00:00\",\"breadcrumb\":{\"@id\":\"http:\\\/\\\/www.romaniancommunity.net\\\/rci\\\/despre-noi\\\/povestea-rci\\\/#breadcrumb\"},\"inLanguage\":\"en-US\",\"potentialAction\":[{\"@type\":\"ReadAction\",\"target\":[\"http:\\\/\\\/www.romaniancommunity.net\\\/rci\\\/despre-noi\\\/povestea-rci\\\/\"]}]},{\"@type\":\"BreadcrumbList\",\"@id\":\"http:\\\/\\\/www.romaniancommunity.net\\\/rci\\\/despre-noi\\\/povestea-rci\\\/#breadcrumb\",\"itemListElement\":[{\"@type\":\"ListItem\",\"position\":1,\"name\":\"Home\",\"item\":\"http:\\\/\\\/www.romaniancommunity.net\\\/rci\\\/\"},{\"@type\":\"ListItem\",\"position\":2,\"name\":\"DESPRE NOI\",\"item\":\"https:\\\/\\\/www.romaniancommunity.net\\\/rci\\\/despre-noi\\\/\"},{\"@type\":\"ListItem\",\"position\":3,\"name\":\"Povestea RCI\"}]},{\"@type\":\"WebSite\",\"@id\":\"http:\\\/\\\/www.romaniancommunity.net\\\/rci\\\/#website\",\"url\":\"http:\\\/\\\/www.romaniancommunity.net\\\/rci\\\/\",\"name\":\"Romanian Community of Ireland\",\"description\":\"Comunitatea Rom\u00e2nilor din Irlanda\",\"potentialAction\":[{\"@type\":\"SearchAction\",\"target\":{\"@type\":\"EntryPoint\",\"urlTemplate\":\"http:\\\/\\\/www.romaniancommunity.net\\\/rci\\\/?s={search_term_string}\"},\"query-input\":{\"@type\":\"PropertyValueSpecification\",\"valueRequired\":true,\"valueName\":\"search_term_string\"}}],\"inLanguage\":\"en-US\"}]}<\/script>\n<!-- \/ Yoast SEO plugin. -->","yoast_head_json":{"title":"Povestea RCI - Romanian Community of Ireland","robots":{"index":"index","follow":"follow","max-snippet":"max-snippet:-1","max-image-preview":"max-image-preview:large","max-video-preview":"max-video-preview:-1"},"canonical":"http:\/\/www.romaniancommunity.net\/rci\/despre-noi\/povestea-rci\/","og_locale":"en_US","og_type":"article","og_title":"Povestea RCI - Romanian Community of Ireland","og_description":"Romanian Community of Ireland &#8211; RCI a fost \u00eenfiin\u021bat\u0103 \u00een anul 1998 cu sprijinul parohiei ortodoxe rom\u00e2ne\u015fti din Arbour Hill. Ca orice \u00eenceput, acesta a fost tumultuos, plin de neprev\u0103zut, [&hellip;]","og_url":"http:\/\/www.romaniancommunity.net\/rci\/despre-noi\/povestea-rci\/","og_site_name":"Romanian Community of Ireland","article_publisher":"https:\/\/www.facebook.com\/RomanianCommunityOfIreland\/","article_modified_time":"2016-09-02T10:32:53+00:00","og_image":[{"width":682,"height":682,"url":"http:\/\/www.romaniancommunity.net\/rci\/wp-content\/uploads\/2019\/01\/sigla-RCI.png","type":"image\/png"}],"twitter_card":"summary_large_image","twitter_misc":{"Est. reading time":"2 minutes"},"schema":{"@context":"https:\/\/schema.org","@graph":[{"@type":"WebPage","@id":"http:\/\/www.romaniancommunity.net\/rci\/despre-noi\/povestea-rci\/","url":"http:\/\/www.romaniancommunity.net\/rci\/despre-noi\/povestea-rci\/","name":"Povestea RCI - Romanian Community of Ireland","isPartOf":{"@id":"http:\/\/www.romaniancommunity.net\/rci\/#website"},"datePublished":"2015-04-15T14:14:59+00:00","dateModified":"2016-09-02T10:32:53+00:00","breadcrumb":{"@id":"http:\/\/www.romaniancommunity.net\/rci\/despre-noi\/povestea-rci\/#breadcrumb"},"inLanguage":"en-US","potentialAction":[{"@type":"ReadAction","target":["http:\/\/www.romaniancommunity.net\/rci\/despre-noi\/povestea-rci\/"]}]},{"@type":"BreadcrumbList","@id":"http:\/\/www.romaniancommunity.net\/rci\/despre-noi\/povestea-rci\/#breadcrumb","itemListElement":[{"@type":"ListItem","position":1,"name":"Home","item":"http:\/\/www.romaniancommunity.net\/rci\/"},{"@type":"ListItem","position":2,"name":"DESPRE NOI","item":"https:\/\/www.romaniancommunity.net\/rci\/despre-noi\/"},{"@type":"ListItem","position":3,"name":"Povestea RCI"}]},{"@type":"WebSite","@id":"http:\/\/www.romaniancommunity.net\/rci\/#website","url":"http:\/\/www.romaniancommunity.net\/rci\/","name":"Romanian Community of Ireland","description":"Comunitatea Rom\u00e2nilor din Irlanda","potentialAction":[{"@type":"SearchAction","target":{"@type":"EntryPoint","urlTemplate":"http:\/\/www.romaniancommunity.net\/rci\/?s={search_term_string}"},"query-input":{"@type":"PropertyValueSpecification","valueRequired":true,"valueName":"search_term_string"}}],"inLanguage":"en-US"}]}},"_links":{"self":[{"href":"http:\/\/www.romaniancommunity.net\/rci\/wp-json\/wp\/v2\/pages\/24","targetHints":{"allow":["GET"]}}],"collection":[{"href":"http:\/\/www.romaniancommunity.net\/rci\/wp-json\/wp\/v2\/pages"}],"about":[{"href":"http:\/\/www.romaniancommunity.net\/rci\/wp-json\/wp\/v2\/types\/page"}],"author":[{"embeddable":true,"href":"http:\/\/www.romaniancommunity.net\/rci\/wp-json\/wp\/v2\/users\/7"}],"replies":[{"embeddable":true,"href":"http:\/\/www.romaniancommunity.net\/rci\/wp-json\/wp\/v2\/comments?post=24"}],"version-history":[{"count":10,"href":"http:\/\/www.romaniancommunity.net\/rci\/wp-json\/wp\/v2\/pages\/24\/revisions"}],"predecessor-version":[{"id":2046,"href":"http:\/\/www.romaniancommunity.net\/rci\/wp-json\/wp\/v2\/pages\/24\/revisions\/2046"}],"up":[{"embeddable":true,"href":"http:\/\/www.romaniancommunity.net\/rci\/wp-json\/wp\/v2\/pages\/88"}],"wp:attachment":[{"href":"http:\/\/www.romaniancommunity.net\/rci\/wp-json\/wp\/v2\/media?parent=24"}],"curies":[{"name":"wp","href":"https:\/\/api.w.org\/{rel}","templated":true}]}}